
In base 12, what is -20 - -545a?
543a
In base 15, what is 1b64 + 123?
1c87
In base 16, what is -3e9b8 - 3?
-3e9bb
In base 15, what is -9d - -34?
-69
In base 16, what is df - 574f?
-5670
In base 5, what is 223 - 3004?
-2231
In base 4, what is 102100311 + 1?
102100312
In base 5, what is 2104 + 12122?
14231
In base 9, what is -1126 + -188?
-1325
In base 15, what is -51 + 17e?
12d
In base 8, what is 4 + -555663?
-555657
In base 3, what is -1021 - 212010002?
-212011100
In base 3, what is 20101110022 + -1?
20101110021
In base 11, what is -2 - -111132?
111130
In base 16, what is 73b - 10?
72b
In base 10, what is 373 + 126?
499
In base 7, what is -5 + -114655?
-114663
In base 3, what is 201222002 + 2?
201222011
In base 16, what is d7 + -386f?
-3798
In base 11, what is 1aa - 29?
181
In base 2, what is 11 - 1110010010011100?
-1110010010011001
In base 8, what is -1403545 - 1?
-1403546
In base 2, what is 101 - -100100100000011?
100100100001000
In base 4, what is -10 - -11030110?
11030100
In base 4, what is 10012320 + -10?
10012310
In base 12, what is -3b1827 + 0?
-3b1827
In base 16, what is -8317 - 0?
-8317
In base 11, what is 5 - -5a3a?
5a44
In base 11, what is 24579 - 1?
24578
In base 12, what is -24b9 + -4?
-2501
In base 7, what is 4 + -45225?
-45221
In base 14, what is 2 + -3492a?
-34928
In base 16, what is 3b1d - -3?
3b20
In base 10, what is 25 + 64654?
64679
In base 12, what is 21a05a + -3?
21a057
In base 8, what is -20413 - -503?
-17710
In base 11, what is 21 + a778?
a799
In base 9, what is -173 + -205?
-378
In base 2, what is 101 + 1001100001101111?
1001100001110100
In base 8, what is 5604406 - 5?
5604401
In base 6, what is 4252 + 532?
5224
In base 4, what is -2 - -100213032?
100213030
In base 15, what is -c0 + -348?
-418
In base 11, what is 29 + -274a?
-2721
In base 2, what is -11001011 + 11010101101110?
11010010100011
In base 3, what is -2 + -121221221?
-121222000
In base 3, what is -2122221 + -10?
-2200001
In base 5, what is 100341 - 11344?
33442
In base 10, what is -342732 - -5?
-342727
In base 4, what is 1122 + 3310331?
3312113
In base 15, what is 8 - -c44?
c4c
In base 7, what is -143005 + -10?
-143015
In base 14, what is 46651 + 8?
46659
In base 9, what is -4 - -653301?
653286
In base 7, what is -314 + 1415?
1101
In base 7, what is 1 - -4404631?
4404632
In base 15, what is -1ab09 + -2?
-1ab0b
In base 9, what is -5 + 28701?
28685
In base 2, what is -101 - -10000000101110?
10000000101001
In base 13, what is -1 + 8223?
8222
In base 12, what is -1735 + -3?
-1738
In base 8, what is -204 + 2024?
1620
In base 10, what is 68 - 1281?
-1213
In base 12, what is -6514b - -14?
-65137
In base 13, what is 4 + -174628?
-174624
In base 7, what is 15324 + -4?
15320
In base 9, what is -1047 + 378?
-558
In base 14, what is -2 + -2154?
-2156
In base 12, what is -1b0 - 797?
-987
In base 15, what is 335 + -1?
334
In base 13, what is -4 + bc40?
bc39
In base 7, what is 1 + 102152?
102153
In base 7, what is 20 - 3221?
-3201
In base 15, what is b6 - -8d?
154
In base 16, what is -5754 + -1?
-5755
In base 10, what is 147 + -237?
-90
In base 5, what is 10 + 1324041?
1324101
In base 3, what is 12121002 + 12100?
12210102
In base 7, what is -1 + -356445?
-356446
In base 13, what is 3aa6 + 4?
3aaa
In base 5, what is 1441234 + -14?
1441220
In base 12, what is -8a50 + 20?
-8a30
In base 11, what is 79395 + 8?
793a2
In base 11, what is 3 + 7210?
7213
In base 11, what is -92734 - -2?
-92732
In base 7, what is -1006 + -36?
-1045
In base 13, what is cc03 - 3?
cc00
In base 8, what is -115446 - 1?
-115447
In base 8, what is -471 + 2513?
2022
In base 8, what is 152 - -635?
1007
In base 11, what is -2 + 32753?
32751
In base 13, what is 45 + -555?
-510
In base 8, what is -4565 + -167?
-4754
In base 13, what is -a - 1695?
-16a2
In base 15, what is 47 + -3c8?
-381
In base 11, what is -63274 - 2?
-63276
In base 3, what is -1 - 122002210?
-122002211
In base 13, what is 78 - -1760?
1808
In base 3, what is 1021220211 + -10?
1021220201
In base 8, what is -3 + -222544?
-222547
In base 15, what is -4 - -2e24?
2e20
In base 7, what is -5530 + 0?
-5530
In base 7, what is 11 - -1162335?
1162346
In base 4, what is -2323311 + 2?
-2323303
In base 12, what is 5 - 10607?
-10602
In base 4, what is -1010112230 + -11?
-1010112301
In base 13, what is 4693 - -b?
46a1
In base 9, what is 7514 + 20?
7534
In base 7, what is -105102 + -53?
-105155
In base 8, what is -10430 - 4?
-10434
In base 2, what is 11 + -111101100111?
-111101100100
In base 10, what is 210 + -2352?
-2142
In base 12, what is -1 + -16097?
-16098
In base 15, what is -13 - 904e?
-9062
In base 12, what is 11229 + -5?
11224
In base 12, what is 6245b + 1?
62460
In base 14, what is -27 - 200?
-227
In base 6, what is -2 - -34451?
34445
In base 4, what is 2002321 - 22?
2002233
In base 13, what is 1a0b + 9?
1a17
In base 13, what is 4 + 1b331?
1b335
In base 4, what is -120312023 - 0?
-120312023
In base 13, what is 146 + -1a2?
-59
In base 6, what is -12504 + -2?
-12510
In base 5, what is -120 + -1011031?
-1011201
In base 15, what is 6 - 3116?
-3110
In base 11, what is -2aa867 - 4?
-2aa870
In base 10, what is 2355 - 205?
2150
In base 10, what is 3094 + -139?
2955
In base 15, what is -1b + -194?
-1b0
In base 14, what is -740 - 88?
-7c8
In base 9, what is 2 + -607567?
-607565
In base 16, what is -1d + -2a0c?
-2a29
In base 10, what is 2773 - -70?
2843
In base 6, what is 5 + -21532?
-21523
In base 11, what is -3043 - a9?
-3141
In base 15, what is -104 - 34?
-138
In base 6, what is 2 - -155150?
155152
In base 15, what is -17c53d - -5?
-17c538
In base 14, what is 122 - -4a?
16c
In base 16, what is 2 - -2c97?
2c99
In base 15, what is -3 + 2e91?
2e8d
In base 5, what is 4343242 - -113?
4343410
In base 3, what is 2 - 220211102012?
-220211102010
In base 2, what is -101 + -1010010101111011?
-1010010110000000
In base 3, what is -12001100100 - -12?
-12001100011
In base 10, what is -8 + 15886?
15878
In base 9, what is -2 + 755?
753
In base 10, what is -1161 + 170?
-991
In base 11, what is 6976 + -17?
695a
In base 13, what is 4 - 8a48?
-8a44
In base 4, what is 202003321023 + 1?
202003321030
In base 14, what is -4 - -11aa06?
11aa02
In base 5, what is 310201 + -12?
310134
In base 6, what is -12525041 + -3?
-12525044
In base 8, what is 53 - -4315?
4370
In base 14, what is 70b - 8?
703
In base 3, what is 200012210 + 1?
200012211
In base 12, what is 4 + 4abb7?
4abbb
In base 13, what is 3c - -68c9?
6938
In base 16, what is 8b7 + -1bb?
6fc
In base 9, what is 18251 - -4?
18255
In base 15, what is ec3b3 + 3?
ec3b6
In base 5, what is 2103 + 1442?
4100
In base 3, what is -10212120210 - 0?
-10212120210
In base 11, what is 60 - a15?
-965
In base 2, what is -1100 + 1101001001101?
1101001000001
In base 5, what is 22 + 340?
412
In base 14, what is 26 - 4d4?
-4ac
In base 13, what is 340 + -6?
337
In base 5, what is -22 + 30313?
30241
In base 8, what is -2207154 + -2?
-2207156
In base 16, what is 4e894 + 2?
4e896
In base 7, what is 5 - 15634?
-15626
In base 4, what is -11223 - -130?
-11033
In base 3, what is 1111020 - -2010?
1120100
In base 4, what is -20202013 + -2?
-20202021
In base 10, what is 44 - 154?
-110
In base 12, what is -369735 - 0?
-369735
In base 8, what is -461 - -10735?
10254
In base 15, what is -27 + -38?
-60
In base 6, what is -1225 - -445?
-340
In base 14, what is d + 20402?
20411
In base 3, what is -112 - 102120222?
-102121111
In base 15, what is 48c6 - -2?
48c8
In base 11, what is -5 - 1076?
-1080
In base 15, what is 5 - 175860?
-17585a
In base 12, what is -11 + 98476?
98465
In base 8, what is -17236441 - 0?
-17236441
In base 8, what is 127 + 4675?
5024
In base 3, what is 11 - -11122022?
11122110
In base 6, what is 1145504 + -20?
1145444
In base 2, what is 110 - 1111101101111?
-1111101101001
In base 8, what is -66233 + -2?
-66235
In base 9, what is 1253 + 174?
1437
In base 5, what is -42 - -114034?
113442
In base 13, what is -556 - 0?
-556
In base 15, what is 3 - 1460?
-145c
In base 5, what is 31142034 - 21?
31142013
In base 16, what is -3 + -12503?
-12506
In base 12, what is -a + 110486?
110478
In base 5, what is 4 + -333344?
-333340
In base 6, what is -3143 + 2223?
-520
In base 16, what is 4bb + 9f?
55a
In base 3, what is 210120020212 - 2?
210120020210
In base 12